{"id":13,"date":"2019-11-29T15:26:39","date_gmt":"2019-11-29T14:26:39","guid":{"rendered":"https:\/\/caravanededune.com\/?page_id=13"},"modified":"2025-11-30T14:38:48","modified_gmt":"2025-11-30T13:38:48","slug":"les-ecoles","status":"publish","type":"page","link":"https:\/\/caravanededune.com\/index.php\/les-ecoles\/","title":{"rendered":"Les \u00e9coles"},"content":{"rendered":"\n<div class=\"wp-block-group alignfull has-global-padding is-layout-constrained wp-container-core-group-is-layout-d89aad35 wp-block-group-is-layout-constrained\" style=\"margin-top:0;margin-bottom:0;padding-top:var(--wp--preset--spacing--50);padding-right:var(--wp--preset--spacing--50);padding-bottom:var(--wp--preset--spacing--50);padding-left:var(--wp--preset--spacing--50)\">\n<div class=\"wp-block-columns alignwide are-vertically-aligned-center is-layout-flex wp-container-core-columns-is-layout-47c06fe3 wp-block-columns-is-layout-flex\">\n<div class=\"wp-block-column is-vertically-aligned-center is-layout-flow wp-block-column-is-layout-flow\" style=\"flex-basis:50%\">\n<h2 class=\"wp-block-heading\"><strong>La Caravane de Dune est n\u00e9e dans une salle de classe.<\/strong><\/h2>\n\n\n\n<p>Depuis, d\u2019autres \u00e9coles ont rejoint l\u2019aventure : Paris, Brest, Toubab Dialaw\u2026<br>Des enfants qui collectent, peignent, fabriquent.<br>Des enseignants qui \u00e9changent et se forment.<br>Des classes qui s\u2019ouvrent les unes aux autres.<br>Ici, on d\u00e9couvre les \u00e9coles qui marchent avec nous, chacune \u00e0 sa fa\u00e7on.<\/p>\n\n\n\n<ul style=\"line-height:1.75\" class=\"wp-block-list is-style-checkmark-list\">\n<li>Petit d\u2019Homme<\/li>\n\n\n\n<li>Djarama<\/li>\n\n\n\n<li>Brest<\/li>\n<\/ul>\n<\/div>\n\n\n\n<div class=\"wp-block-column is-vertically-aligned-center is-layout-flow wp-block-column-is-layout-flow\" style=\"flex-basis:50%\">\n<figure class=\"wp-block-image size-full is-style-rounded is-style-rounded--1\"><img loading=\"lazy\" decoding=\"async\" width=\"700\" height=\"466\" src=\"http:\/\/caravanededune.com\/wp-content\/uploads\/2025\/11\/m_375682408_0-1.jpg\" alt=\"\" class=\"wp-image-36\" style=\"aspect-ratio:4\/3;object-fit:cover\" srcset=\"https:\/\/caravanededune.com\/wp-content\/uploads\/2025\/11\/m_375682408_0-1.jpg 700w, https:\/\/caravanededune.com\/wp-content\/uploads\/2025\/11\/m_375682408_0-1-300x200.jpg 300w\" sizes=\"auto, (max-width: 700px) 100vw, 700px\" \/><\/figure>\n<\/div>\n<\/div>\n<\/div>\n\n\n\n<p><\/p>\n","protected":false},"excerpt":{"rendered":"<p>La Caravane de Dune est n\u00e9e dans une salle de classe. Depuis, d\u2019autres \u00e9coles ont rejoint l\u2019aventure : Paris, Brest, Toubab Dialaw\u2026Des enfants qui collectent, peignent, fabriquent.Des enseignants qui \u00e9changent et se forment.Des classes qui s\u2019ouvrent les unes aux autres.Ici, on d\u00e9couvre les \u00e9coles qui marchent avec nous, chacune \u00e0 sa fa\u00e7on.<\/p>\n","protected":false},"author":1,"featured_media":0,"parent":0,"menu_order":0,"comment_status":"closed","ping_status":"closed","template":"","meta":{"footnotes":""},"class_list":["post-13","page","type-page","status-publish","hentry"],"_links":{"self":[{"href":"https:\/\/caravanededune.com\/index.php\/wp-json\/wp\/v2\/pages\/13","targetHints":{"allow":["GET"]}}],"collection":[{"href":"https:\/\/caravanededune.com\/index.php\/wp-json\/wp\/v2\/pages"}],"about":[{"href":"https:\/\/caravanededune.com\/index.php\/wp-json\/wp\/v2\/types\/page"}],"author":[{"embeddable":true,"href":"https:\/\/caravanededune.com\/index.php\/wp-json\/wp\/v2\/users\/1"}],"replies":[{"embeddable":true,"href":"https:\/\/caravanededune.com\/index.php\/wp-json\/wp\/v2\/comments?post=13"}],"version-history":[{"count":6,"href":"https:\/\/caravanededune.com\/index.php\/wp-json\/wp\/v2\/pages\/13\/revisions"}],"predecessor-version":[{"id":136,"href":"https:\/\/caravanededune.com\/index.php\/wp-json\/wp\/v2\/pages\/13\/revisions\/136"}],"wp:attachment":[{"href":"https:\/\/caravanededune.com\/index.php\/wp-json\/wp\/v2\/media?parent=13"}],"curies":[{"name":"wp","href":"https:\/\/api.w.org\/{rel}","templated":true}]}}