{"id":9,"date":"2019-11-29T15:26:04","date_gmt":"2019-11-29T14:26:04","guid":{"rendered":"https:\/\/caravanededune.com\/?page_id=9"},"modified":"2025-11-30T22:35:07","modified_gmt":"2025-11-30T21:35:07","slug":"lidee-de-depart","status":"publish","type":"page","link":"https:\/\/caravanededune.com\/index.php\/lidee-de-depart\/","title":{"rendered":"Le projet de d\u00e9part"},"content":{"rendered":"\n<div class=\"wp-block-group alignfull has-global-padding is-layout-constrained wp-container-core-group-is-layout-d89aad35 wp-block-group-is-layout-constrained\" style=\"margin-top:0;margin-bottom:0;padding-top:var(--wp--preset--spacing--50);padding-right:var(--wp--preset--spacing--50);padding-bottom:var(--wp--preset--spacing--50);padding-left:var(--wp--preset--spacing--50)\">\n<div class=\"wp-block-columns alignwide are-vertically-aligned-center is-layout-flex wp-container-core-columns-is-layout-47c06fe3 wp-block-columns-is-layout-flex\">\n<div class=\"wp-block-column is-vertically-aligned-center is-layout-flow wp-block-column-is-layout-flow\" style=\"flex-basis:50%\">\n<h2 class=\"wp-block-heading\"><strong>L\u2019histoire commence avec une id\u00e9e simple : aider une petite \u00e9cole au S\u00e9n\u00e9gal.<\/strong><\/h2>\n\n\n\n<p>Dune avait 11 ans quand elle d\u00e9couvre Djarama, au milieu de la brousse.<br>Peu de moyens, beaucoup d\u2019envie, et un besoin immense d\u2019accompagnement.<br>Ce premier geste est devenu une aventure collective : des voyages, du mat\u00e9riel, des formations, et une cha\u00eene humaine qui n\u2019a cess\u00e9 de grandir.<br>Ici, on raconte le point de d\u00e9part de la Caravane.<\/p>\n<\/div>\n\n\n\n<div class=\"wp-block-column is-vertically-aligned-center is-layout-flow wp-block-column-is-layout-flow\" style=\"flex-basis:50%\">\n<figure class=\"wp-block-image size-full is-style-rounded is-style-rounded--1\"><img loading=\"lazy\" decoding=\"async\" width=\"700\" height=\"464\" src=\"http:\/\/caravanededune.com\/wp-content\/uploads\/2025\/11\/m_342901028_0.jpg\" alt=\"\" class=\"wp-image-132\" style=\"aspect-ratio:4\/3;object-fit:cover\" srcset=\"https:\/\/caravanededune.com\/wp-content\/uploads\/2025\/11\/m_342901028_0.jpg 700w, https:\/\/caravanededune.com\/wp-content\/uploads\/2025\/11\/m_342901028_0-300x199.jpg 300w\" sizes=\"auto, (max-width: 700px) 100vw, 700px\" \/><\/figure>\n<\/div>\n<\/div>\n<\/div>\n\n\n\n<p><\/p>\n\n\n\n<div class=\"wp-block-query is-layout-flow wp-block-query-is-layout-flow\"><ul class=\"wp-block-post-template is-layout-flow wp-block-post-template-is-layout-flow\"><li class=\"wp-block-post post-35 post type-post status-publish format-standard has-post-thumbnail hentry category-le-projet-de-depart\">\n\n<div class=\"wp-block-columns are-vertically-aligned-center is-layout-flex wp-container-core-columns-is-layout-28f84493 wp-block-columns-is-layout-flex\">\n<div class=\"wp-block-column is-vertically-aligned-center is-layout-flow wp-block-column-is-layout-flow\" style=\"flex-basis:25%\"><figure class=\"wp-block-post-featured-image\"><a href=\"https:\/\/caravanededune.com\/index.php\/2019\/06\/01\/lidee-de-depart\/\" target=\"_self\"  ><img loading=\"lazy\" decoding=\"async\" width=\"700\" height=\"464\" src=\"https:\/\/caravanededune.com\/wp-content\/uploads\/2025\/11\/m_342901018_0.jpg\" class=\"attachment-post-thumbnail size-post-thumbnail wp-post-image\" alt=\"L\u2019id\u00e9e de d\u00e9part\" style=\"object-fit:cover;\" srcset=\"https:\/\/caravanededune.com\/wp-content\/uploads\/2025\/11\/m_342901018_0.jpg 700w, https:\/\/caravanededune.com\/wp-content\/uploads\/2025\/11\/m_342901018_0-300x199.jpg 300w\" sizes=\"auto, (max-width: 700px) 100vw, 700px\" \/><\/a><\/figure><\/div>\n\n\n\n<div class=\"wp-block-column is-vertically-aligned-center is-layout-flow wp-block-column-is-layout-flow\" style=\"flex-basis:75%\"><h2 class=\"wp-block-post-title\"><a href=\"https:\/\/caravanededune.com\/index.php\/2019\/06\/01\/lidee-de-depart\/\" target=\"_self\" >L\u2019id\u00e9e de d\u00e9part<\/a><\/h2><\/div>\n<\/div>\n\n<\/li><li class=\"wp-block-post post-47 post type-post status-publish format-standard has-post-thumbnail hentry category-le-projet-de-depart\">\n\n<div class=\"wp-block-columns are-vertically-aligned-center is-layout-flex wp-container-core-columns-is-layout-28f84493 wp-block-columns-is-layout-flex\">\n<div class=\"wp-block-column is-vertically-aligned-center is-layout-flow wp-block-column-is-layout-flow\" style=\"flex-basis:25%\"><figure class=\"wp-block-post-featured-image\"><a href=\"https:\/\/caravanededune.com\/index.php\/2019\/06\/29\/le-contexte-au-senegal\/\" target=\"_self\"  ><img loading=\"lazy\" decoding=\"async\" width=\"700\" height=\"466\" src=\"https:\/\/caravanededune.com\/wp-content\/uploads\/2025\/11\/m_375682408_0-1.jpg\" class=\"attachment-post-thumbnail size-post-thumbnail wp-post-image\" alt=\"Le contexte au S\u00e9n\u00e9gal\" style=\"object-fit:cover;\" srcset=\"https:\/\/caravanededune.com\/wp-content\/uploads\/2025\/11\/m_375682408_0-1.jpg 700w, https:\/\/caravanededune.com\/wp-content\/uploads\/2025\/11\/m_375682408_0-1-300x200.jpg 300w\" sizes=\"auto, (max-width: 700px) 100vw, 700px\" \/><\/a><\/figure><\/div>\n\n\n\n<div class=\"wp-block-column is-vertically-aligned-center is-layout-flow wp-block-column-is-layout-flow\" style=\"flex-basis:75%\"><h2 class=\"wp-block-post-title\"><a href=\"https:\/\/caravanededune.com\/index.php\/2019\/06\/29\/le-contexte-au-senegal\/\" target=\"_self\" >Le contexte au S\u00e9n\u00e9gal<\/a><\/h2><\/div>\n<\/div>\n\n<\/li><li class=\"wp-block-post post-51 post type-post status-publish format-standard has-post-thumbnail hentry category-le-projet-de-depart\">\n\n<div class=\"wp-block-columns are-vertically-aligned-center is-layout-flex wp-container-core-columns-is-layout-28f84493 wp-block-columns-is-layout-flex\">\n<div class=\"wp-block-column is-vertically-aligned-center is-layout-flow wp-block-column-is-layout-flow\" style=\"flex-basis:25%\"><figure class=\"wp-block-post-featured-image\"><a href=\"https:\/\/caravanededune.com\/index.php\/2019\/06\/29\/lecole-djarama\/\" target=\"_self\"  ><img loading=\"lazy\" decoding=\"async\" width=\"2560\" height=\"1707\" src=\"https:\/\/caravanededune.com\/wp-content\/uploads\/2019\/06\/DSC00463-scaled.jpg\" class=\"attachment-post-thumbnail size-post-thumbnail wp-post-image\" alt=\"L\u2019\u00e9cole Djarama\" style=\"object-fit:cover;\" srcset=\"https:\/\/caravanededune.com\/wp-content\/uploads\/2019\/06\/DSC00463-scaled.jpg 2560w, https:\/\/caravanededune.com\/wp-content\/uploads\/2019\/06\/DSC00463-300x200.jpg 300w, https:\/\/caravanededune.com\/wp-content\/uploads\/2019\/06\/DSC00463-1024x683.jpg 1024w, https:\/\/caravanededune.com\/wp-content\/uploads\/2019\/06\/DSC00463-768x512.jpg 768w, https:\/\/caravanededune.com\/wp-content\/uploads\/2019\/06\/DSC00463-1536x1024.jpg 1536w, https:\/\/caravanededune.com\/wp-content\/uploads\/2019\/06\/DSC00463-2048x1365.jpg 2048w\" sizes=\"auto, (max-width: 2560px) 100vw, 2560px\" \/><\/a><\/figure><\/div>\n\n\n\n<div class=\"wp-block-column is-vertically-aligned-center is-layout-flow wp-block-column-is-layout-flow\" style=\"flex-basis:75%\"><h2 class=\"wp-block-post-title\"><a href=\"https:\/\/caravanededune.com\/index.php\/2019\/06\/29\/lecole-djarama\/\" target=\"_self\" >L\u2019\u00e9cole Djarama<\/a><\/h2><\/div>\n<\/div>\n\n<\/li><li class=\"wp-block-post post-195 post type-post status-publish format-standard has-post-thumbnail hentry category-le-projet-de-depart\">\n\n<div class=\"wp-block-columns are-vertically-aligned-center is-layout-flex wp-container-core-columns-is-layout-28f84493 wp-block-columns-is-layout-flex\">\n<div class=\"wp-block-column is-vertically-aligned-center is-layout-flow wp-block-column-is-layout-flow\" style=\"flex-basis:25%\"><figure class=\"wp-block-post-featured-image\"><a href=\"https:\/\/caravanededune.com\/index.php\/2019\/06\/30\/la-formation-montessori-a-lecole-djarama\/\" target=\"_self\"  ><img loading=\"lazy\" decoding=\"async\" width=\"1008\" height=\"756\" src=\"https:\/\/caravanededune.com\/wp-content\/uploads\/2025\/11\/caravane-de-dune-formationprojet-ecole-12.jpg\" class=\"attachment-post-thumbnail size-post-thumbnail wp-post-image\" alt=\"La formation Montessori \u00e0 l\u2019\u00e9cole Djarama\" style=\"object-fit:cover;\" srcset=\"https:\/\/caravanededune.com\/wp-content\/uploads\/2025\/11\/caravane-de-dune-formationprojet-ecole-12.jpg 1008w, https:\/\/caravanededune.com\/wp-content\/uploads\/2025\/11\/caravane-de-dune-formationprojet-ecole-12-300x225.jpg 300w, https:\/\/caravanededune.com\/wp-content\/uploads\/2025\/11\/caravane-de-dune-formationprojet-ecole-12-768x576.jpg 768w\" sizes=\"auto, (max-width: 1008px) 100vw, 1008px\" \/><\/a><\/figure><\/div>\n\n\n\n<div class=\"wp-block-column is-vertically-aligned-center is-layout-flow wp-block-column-is-layout-flow\" style=\"flex-basis:75%\"><h2 class=\"wp-block-post-title\"><a href=\"https:\/\/caravanededune.com\/index.php\/2019\/06\/30\/la-formation-montessori-a-lecole-djarama\/\" target=\"_self\" >La formation Montessori \u00e0 l\u2019\u00e9cole Djarama<\/a><\/h2><\/div>\n<\/div>\n\n<\/li><li class=\"wp-block-post post-220 post type-post status-publish format-standard has-post-thumbnail hentry category-le-projet-de-depart\">\n\n<div class=\"wp-block-columns are-vertically-aligned-center is-layout-flex wp-container-core-columns-is-layout-28f84493 wp-block-columns-is-layout-flex\">\n<div class=\"wp-block-column is-vertically-aligned-center is-layout-flow wp-block-column-is-layout-flow\" style=\"flex-basis:25%\"><figure class=\"wp-block-post-featured-image\"><a href=\"https:\/\/caravanededune.com\/index.php\/2019\/06\/30\/former-les-enseignants-et-maintenir-le-lien-un-accompagnement-sur-la-duree\/\" target=\"_self\"  ><img loading=\"lazy\" decoding=\"async\" width=\"1008\" height=\"756\" src=\"https:\/\/caravanededune.com\/wp-content\/uploads\/2025\/11\/caravane-de-dune-formation-projet-ecole-16-1.jpg\" class=\"attachment-post-thumbnail size-post-thumbnail wp-post-image\" alt=\"Former les enseignants et maintenir le lien : un accompagnement sur la dur\u00e9e\" style=\"object-fit:cover;\" srcset=\"https:\/\/caravanededune.com\/wp-content\/uploads\/2025\/11\/caravane-de-dune-formation-projet-ecole-16-1.jpg 1008w, https:\/\/caravanededune.com\/wp-content\/uploads\/2025\/11\/caravane-de-dune-formation-projet-ecole-16-1-300x225.jpg 300w, https:\/\/caravanededune.com\/wp-content\/uploads\/2025\/11\/caravane-de-dune-formation-projet-ecole-16-1-768x576.jpg 768w\" sizes=\"auto, (max-width: 1008px) 100vw, 1008px\" \/><\/a><\/figure><\/div>\n\n\n\n<div class=\"wp-block-column is-vertically-aligned-center is-layout-flow wp-block-column-is-layout-flow\" style=\"flex-basis:75%\"><h2 class=\"wp-block-post-title\"><a href=\"https:\/\/caravanededune.com\/index.php\/2019\/06\/30\/former-les-enseignants-et-maintenir-le-lien-un-accompagnement-sur-la-duree\/\" target=\"_self\" >Former les enseignants et maintenir le lien : un accompagnement sur la dur\u00e9e<\/a><\/h2><\/div>\n<\/div>\n\n<\/li><li class=\"wp-block-post post-204 post type-post status-publish format-standard has-post-thumbnail hentry category-le-projet-de-depart\">\n\n<div class=\"wp-block-columns are-vertically-aligned-center is-layout-flex wp-container-core-columns-is-layout-28f84493 wp-block-columns-is-layout-flex\">\n<div class=\"wp-block-column is-vertically-aligned-center is-layout-flow wp-block-column-is-layout-flow\" style=\"flex-basis:25%\"><figure class=\"wp-block-post-featured-image\"><a href=\"https:\/\/caravanededune.com\/index.php\/2020\/06\/30\/le-materiel-montessori-un-outil-pour-comprendre-manipuler-et-grandir\/\" target=\"_self\"  ><img loading=\"lazy\" decoding=\"async\" width=\"1008\" height=\"756\" src=\"https:\/\/caravanededune.com\/wp-content\/uploads\/2025\/11\/caravane-de-dune-materiel-projet-ecole-28.jpeg\" class=\"attachment-post-thumbnail size-post-thumbnail wp-post-image\" alt=\"Le mat\u00e9riel Montessori : un outil pour comprendre, manipuler et grandir\" style=\"object-fit:cover;\" srcset=\"https:\/\/caravanededune.com\/wp-content\/uploads\/2025\/11\/caravane-de-dune-materiel-projet-ecole-28.jpeg 1008w, https:\/\/caravanededune.com\/wp-content\/uploads\/2025\/11\/caravane-de-dune-materiel-projet-ecole-28-300x225.jpeg 300w, https:\/\/caravanededune.com\/wp-content\/uploads\/2025\/11\/caravane-de-dune-materiel-projet-ecole-28-768x576.jpeg 768w\" sizes=\"auto, (max-width: 1008px) 100vw, 1008px\" \/><\/a><\/figure><\/div>\n\n\n\n<div class=\"wp-block-column is-vertically-aligned-center is-layout-flow wp-block-column-is-layout-flow\" style=\"flex-basis:75%\"><h2 class=\"wp-block-post-title\"><a href=\"https:\/\/caravanededune.com\/index.php\/2020\/06\/30\/le-materiel-montessori-un-outil-pour-comprendre-manipuler-et-grandir\/\" target=\"_self\" >Le mat\u00e9riel Montessori : un outil pour comprendre, manipuler et grandir<\/a><\/h2><\/div>\n<\/div>\n\n<\/li><li class=\"wp-block-post post-368 post type-post status-publish format-standard has-post-thumbnail hentry category-le-projet-de-depart\">\n\n<div class=\"wp-block-columns are-vertically-aligned-center is-layout-flex wp-container-core-columns-is-layout-28f84493 wp-block-columns-is-layout-flex\">\n<div class=\"wp-block-column is-vertically-aligned-center is-layout-flow wp-block-column-is-layout-flow\" style=\"flex-basis:25%\"><figure class=\"wp-block-post-featured-image\"><a href=\"https:\/\/caravanededune.com\/index.php\/2020\/06\/30\/djarama-quand-lecole-cultive-lagroecologie\/\" target=\"_self\"  ><img loading=\"lazy\" decoding=\"async\" width=\"1008\" height=\"756\" src=\"https:\/\/caravanededune.com\/wp-content\/uploads\/2019\/06\/caravane-de-dune-projet-ecole-19.jpg\" class=\"attachment-post-thumbnail size-post-thumbnail wp-post-image\" alt=\"Djarama : quand l\u2019\u00e9cole cultive l\u2019agro\u00e9cologie\" style=\"object-fit:cover;\" srcset=\"https:\/\/caravanededune.com\/wp-content\/uploads\/2019\/06\/caravane-de-dune-projet-ecole-19.jpg 1008w, https:\/\/caravanededune.com\/wp-content\/uploads\/2019\/06\/caravane-de-dune-projet-ecole-19-300x225.jpg 300w, https:\/\/caravanededune.com\/wp-content\/uploads\/2019\/06\/caravane-de-dune-projet-ecole-19-768x576.jpg 768w\" sizes=\"auto, (max-width: 1008px) 100vw, 1008px\" \/><\/a><\/figure><\/div>\n\n\n\n<div class=\"wp-block-column is-vertically-aligned-center is-layout-flow wp-block-column-is-layout-flow\" style=\"flex-basis:75%\"><h2 class=\"wp-block-post-title\"><a href=\"https:\/\/caravanededune.com\/index.php\/2020\/06\/30\/djarama-quand-lecole-cultive-lagroecologie\/\" target=\"_self\" >Djarama : quand l\u2019\u00e9cole cultive l\u2019agro\u00e9cologie<\/a><\/h2><\/div>\n<\/div>\n\n<\/li><\/ul><\/div>\n\n\n\n<iframe loading=\"lazy\" width=\"1098\" height=\"627\" src=\"https:\/\/www.youtube.com\/embed\/l--W22sivXc\" title=\"Caravane de Dune - Les actions de la caravane \u00e0 Djarama\" frameborder=\"0\" allow=\"accelerometer; autoplay; clipboard-write; encrypted-media; gyroscope; picture-in-picture; web-share\" referrerpolicy=\"strict-origin-when-cross-origin\" allowfullscreen><\/iframe>\n","protected":false},"excerpt":{"rendered":"<p>L\u2019histoire commence avec une id\u00e9e simple : aider une petite \u00e9cole au S\u00e9n\u00e9gal. Dune avait 11 ans quand elle d\u00e9couvre Djarama, au milieu de la brousse.Peu de moyens, beaucoup d\u2019envie, et un besoin immense d\u2019accompagnement.Ce premier geste est devenu une aventure collective : des voyages, du mat\u00e9riel, des formations, et une cha\u00eene humaine qui n\u2019a [&hellip;]<\/p>\n","protected":false},"author":1,"featured_media":0,"parent":0,"menu_order":0,"comment_status":"closed","ping_status":"closed","template":"","meta":{"footnotes":""},"class_list":["post-9","page","type-page","status-publish","hentry"],"_links":{"self":[{"href":"https:\/\/caravanededune.com\/index.php\/wp-json\/wp\/v2\/pages\/9","targetHints":{"allow":["GET"]}}],"collection":[{"href":"https:\/\/caravanededune.com\/index.php\/wp-json\/wp\/v2\/pages"}],"about":[{"href":"https:\/\/caravanededune.com\/index.php\/wp-json\/wp\/v2\/types\/page"}],"author":[{"embeddable":true,"href":"https:\/\/caravanededune.com\/index.php\/wp-json\/wp\/v2\/users\/1"}],"replies":[{"embeddable":true,"href":"https:\/\/caravanededune.com\/index.php\/wp-json\/wp\/v2\/comments?post=9"}],"version-history":[{"count":25,"href":"https:\/\/caravanededune.com\/index.php\/wp-json\/wp\/v2\/pages\/9\/revisions"}],"predecessor-version":[{"id":441,"href":"https:\/\/caravanededune.com\/index.php\/wp-json\/wp\/v2\/pages\/9\/revisions\/441"}],"wp:attachment":[{"href":"https:\/\/caravanededune.com\/index.php\/wp-json\/wp\/v2\/media?parent=9"}],"curies":[{"name":"wp","href":"https:\/\/api.w.org\/{rel}","templated":true}]}}